Let j(y) = 2*y**2 + 6. Let t be 42/140*8/3 + (-4)/5. What is j(t)?
6
Let q(v) = 128 + 0*v - 52 - v - 55. What is q(-15)?
36
Let w(r) = -3 + 10*r + 4 + 2. Suppose 2*v - 2*p - 4 = 0, -5*v - 4631*p = -4627*p + 26. Give w(v).
-17
Let n(d) = -27*d - 1. Let k(f) = -177*f + 33. Let s(m) = k(m) - 6*n(m). Give s(-10).
189
Let y(b) = -98*b + 697. Let q be y(7). Let h(r) = r**2 - 20*r + 108. Calculate h(q).
9
Let k(d) = 45*d - 316. Let p(v) = 469*v + 1414. Let t be p(-3). Calculate k(t).
-1
Suppose -4*m + 0*m = -2*m. Suppose m*d = r - d - 5, 5*d = -r - 7. Let a(l) = -105*l**3 + l**2 - 4*l**2 + 106*l**r + 3. Give a(3).
3
Let g(p) = 12*p - 211. Suppose -348 = -66*l + 840. What is g(l)?
5
Let r(f) = -37*f**2 - 19*f + 1. Let w be r(-4). Let s = w + 505. Let l(n) = -11*n - 17. Let a(v) = 4*v + 6. Let u(d) = -8*a(d) - 3*l(d). Calculate u(s).
-7
Suppose -2*v + d - 36 + 41 = 0, -3*v = -2*d - 7. Let h(s) = -s**2 - 8*s + 8. What is h(v)?
-25
Let r(q) = -6*q + 6. Suppose k + 18 = -3*g + 16, 3*g - 3 = 0. Let u(s) = -11*s + 11. Let l(i) = k*r(i) + 3*u(i). Determine l(-11).
36
Let c(w) = 10*w - 25. Let i be c(11). Suppose b - 5*p + 32 = 0, 4*b + p + 234 = i. Let q = -30 - b. Let z(x) = x - 2. Give z(q).
5
Let o(j) be the second derivative of j**3/3 + 2*j**2 + 40*j. Let n(s) = -2*s - 1. Let w(p) = 5*n(p) + 6*o(p). What is w(-6)?
7
Let x = -20 - -42. Let c(f) = -21 + x - f**2 + 0*f**2 - 2*f**2 - 11*f. Let m(i) = 4*i**2 + 12*i - 1. Let q(t) = 5*c(t) + 4*m(t). Calculate q(3).
-11
Let y(t) = 2*t**2 + 20*t - 2. Let j(h) = h**2 + 19*h + 38. Suppose 2*r = 7*i - 2*i + 19, 2*r + 8 = -4*i. Let s be j(i). Calculate y(s).
-2
Suppose -66*w + 35*w = -341. Let v(y) = 9*y**3 - 29*y**2 + 2*y - 9. Let a(x) = -5*x**3 + 15*x**2 - x + 5. Let q(b) = -7*a(b) - 4*v(b). Give q(w).
-10
Suppose 100*n - 42 = -100*n + 193*n. Let m(z) = -3*z + 7. Give m(n).
-11
Let g(n) = 12*n - 3. Let t = -6487 + 6484. What is g(t)?
-39
Let c(v) = -v**2 - 4*v - 24. Let u be c(13). Let p = -243 - u. Let b(h) = h**3 - 2*h**2 - 2*h + 1. Give b(p).
-3
Let y(i) be the second derivative of -i**3/2 - 39*i**2/2 + 2636*i. Calculate y(-18).
15
Let n(w) = 415516 + 415514 - 830755 - 27*w. Determine n(10).
5
Let l(o) = 22*o**2 + 6*o + 2. Let t = -22732 + 22730. What is l(t)?
78
Let q(t) = -8591*t - 8590*t - 8591*t - 13 + 25769*t. Give q(-14).
29
Let y be ((-85)/(-10) + -6)/5*-22. Let j(l) = -l**2 - l + 107. Determine j(y).
-3
Let i(y) = -156 - 3*y + 0*y + 86 + y + 83. What is i(6)?
1
Let m(k) = k - 1. Let n(a) = 8*a - 7. Let h(g) = 7*g - 7. Let q(l) = -3*h(l) + 2*n(l). Let c(b) = -21*m(b) - 3*q(b). What is c(5)?
-30
Let i(s) be the third derivative of 13*s**5/60 - s**4/24 + 2*s**2. Let p be (-14)/(-4) + (-12)/(-24). Suppose a = -p*a + 5. Calculate i(a).
12
Let i(t) = t - 7*t - 3*t**2 - 6 + 13*t. Let z(c) = -9*c**2 + 20*c - 17. Let k(u) = 17*i(u) - 6*z(u). Let n be (141/846)/(2/(-12)). What is k(n)?
4
Let k(w) = 9*w**2 + 127*w**3 - 533*w**3 + 407*w**3 + 83 + 26*w. Calculate k(-7).
-1
Suppose 3*j - 3*y + 3 = 0, -4*y = -j - 0*y - 10. Let d(l) = 1 - 3*l**2 + j*l**2 + 2*l**2 - l. Let i = -13586 - -13589. Give d(i).
7
Let j be (10 - 1) + 4/(-16)*-4. Let d = j + -8. Suppose -d*h - 18 = 4*y, 0 = -5*h + 2*h - 2*y - 15. Let g(r) = r**3 + 3*r**2 + r - 1. Calculate g(h).
-4
Let t(r) = -2*r**2 - 29*r - 11. Let b be t(-14). Suppose 5*h + 4*x = 19, h + 2*x = -b*x - 13. Let n(v) = 3 - 3*v**2 + 4*v**2 - 9*v + 6. What is n(h)?
-5
Let u(x) = -30*x**2 + 5*x - 3. Let y(i) = -5*i**2 + i. Let m(p) = u(p) - 5*y(p). Give m(-3).
-48
Let j(p) = p**2 + 3084*p - 1541*p - 1544*p - 2. Determine j(4).
10
Let w(f) = -9 + 8 + 3 - f. Suppose -71*z = 333 - 1043. Determine w(z).
-8
Let g(i) = i**3 + 2*i**2 + 91. Let x = -6108 + 6108. Give g(x).
91
Let i be 118/((-5192)/(-660)) - (-1 + 2)*7. Let x(y) = -6*y - 3 - 21 + 0*y**2 + y**2. What is x(i)?
-8
Let h be 67/((-1 + 3)/(-2)). Let i = h + 74. Let b(j) = 0*j**2 - i*j - 34 + 28 - j**2. Give b(-4).
6
Let z be (-6 + 3 - -3)/(168/(-84)). Let c(g) = g**3 + g**2 - g + 15. What is c(z)?
15
Let b(a) be the third derivative of 43*a**4/24 - a**3/6 - 801*a**2. What is b(-1)?
-44
Let y(x) = -323*x + 47. Let f(j) = -144*j + 23. Let o(k) = -9*f(k) + 4*y(k). What is o(-1)?
-23
Let k(l) be the first derivative of -1/3*l**3 + 0*l - 79 - 7/2*l**2. Determine k(-5).
10
Let v(r) = -2*r**3 - 2*r**2 - 15*r - 12. Let q be v(-1). Let w(u) = -6*u + u**q + 4*u - 1 - 1 + 40*u**2 - 1 - 38*u**2. Determine w(-2).
1
Let u(r) = -4*r - 1. Let f(m) = -4*m. Let l(a) = 6*f(a) - 5*u(a). Let s(c) = -3*c + 7. Let w(n) = -6*l(n) + 7*s(n). Determine w(-6).
1
Let n(s) = -2*s - 5. Let k be n(-6). Let u be (2*8/4 - 4) + 1. Let g(o) = -2 - k - u - 3*o + 6. What is g(-5)?
11
Let f(l) = -4*l + 39. Let n(w) = w - 8. Let h(v) = 2*f(v) + 11*n(v). Let b be h(6). Let t be 1 + 0 - (b + -13). Let y(u) = u**2 - 8*u + 6. Calculate y(t).
-6
Suppose 0 = -4*x - 2*y + 30, -18*y - 6 = -16*y. Let b(z) = 2*z**2 - 18*z + 3. Give b(x).
3
Let l(x) be the third derivative of -x**4/8 + 83*x**3/6 + 109*x**2. Let k be l(26). Let q(i) = -3*i**2 + i + i**3 - 3*i - 6 - i**2. Determine q(k).
9
Let x(p) = -11*p**2 - 5 - 15*p + 6*p**2 - 2*p**2 + 6*p**2. Let o be (-24)/18 - 152/12. What is x(o)?
9
Suppose 0 = -5*y - 4*b - 4, 2*y - y = 4*b - 20. Let q = -6 + 8. Let s(v) = -v**q - 6*v - 5*v + 5*v - 6. Calculate s(y).
2
Let y(p) = -3*p**2 + 6*p + 2. Let b(w) = 2*w**2 - 6*w - 1. Let l(f) = 4*b(f) + 3*y(f). Let z = -109 - -49. Let d = z - -55. Determine l(d).
7
Let p(r) = -828*r - 9070. Let h be p(-11). Let i(s) be the first derivative of 1/3*s**3 - 4*s + h + 3*s**2. Give i(-7).
3
Let u(j) = 39*j - 3 + 57*j + 60*j - 181*j. Suppose -5*y - 9 = 1. Give u(y).
47
Let s(t) be the first derivative of -4*t**2 + 21*t + 1096. What is s(-9)?
93
Suppose 2*p - 2 = -2*q + 4*p, 0 = p - 5. Let t(s) = 16*s - 90. Calculate t(q).
6
Let g = -43/18 + 439/180. Let o(p) be the second derivative of 30*p + 5/6*p**3 - 3/2*p**2 + 1/4*p**4 - g*p**5 + 0. Give o(5).
-28
Suppose 18*y - 30 + 30 = -36. Let v(o) = o - 1. Let s(d) = -6*d**2 + 5*d - 2. Let g(c) = s(c) - 4*v(c). Calculate g(y).
-24
Suppose -26 = -3*h + l, 11 = -h - 5*l - 7. Let s(t) = -7 + 5*t - t - 4*t + t. Give s(h).
0
Let d(t) = t**3 - 12*t**2 - 5*t + 49. Let i(j) = 5*j**2 - 111*j + 34. Let m be i(22). Determine d(m).
-11
Suppose -188 = 16*j + 100. Let a be (-123)/j - (-4)/24. Let u(v) = v**3 - 6*v**2 - 8*v + 3. Determine u(a).
-4
Let x(i) = -677*i + 676*i - 31*i**2 + 3 + 3 - 5 + 34*i**2 - i**3. Calculate x(2).
3
Suppose 0 = 4*m - 42 + 46. Let b be (m - (-2)/1)*(-35)/35. Let z(g) = -4 - 6*g + 5 + 0. Give z(b).
7
Let n(v) = 1026*v + 6*v**2 - 7*v**2 - 1030*v + 12. Let k = -51 - -46. Give n(k).
7
Let f(m) be the first derivative of -3*m**2 + 135 + 2/3*m**3 - 7*m. Suppose -27 + 2 = -5*i. What is f(i)?
13
Let j(p) = -292 + 171 - 7*p + 50 + 48. Give j(-10).
47
Let q(j) be the second derivative of j**2 - 41*j + 0 - 1/6*j**3. Let m(s) = 5*s. Let b be m(1). What is q(b)?
-3
Let t(w) = -w**3 - 51*w**2 + w - 13. Let b be t(0). Let n(q) = q**3 + 14*q**2 + 13*q - 27. Determine n(b).
-27
Let q be (-7)/(-4)*188/47. Let k(u) = -12 + 6 - 3*u + 0*u + q. What is k(-1)?
4
Let k(w) = 3*w**2 - w - 4. Let v(o) = 404*o + 3632. Let n be v(-9). What is k(n)?
48
Let x(o) = -o**3 + 10*o**2 - 18*o + 14. Let n be x(8). Let b(i) = -16*i**2 - 22*i - 11. Let h(l) = 3*l**2 + 4*l + 2. Let u(j) = n*b(j) - 11*h(j). What is u(1)?
-1
Suppose 3*y - 2*s = 8*y - 22, 3*s + 36 = 4*y. Let h(g) be the third derivative of 1/6*g**3 - 16*g**2 + 0 + 1/12*g**4 + 0*g. Determine h(y).
13
Let k(j) be the third derivative of 7/60*j**5 + 0 - 56*j**2 - 1/3*j**3 + 0*j - 1/120*j**6 - 1/24*j**4. Determine k(7).
-9
Let m(i) be the third derivative of i**7/2520 - i**6/720 - i**5/30 - 3*i**4/4 + 15*i**2. Let f(w) be the second derivative of m(w). What is f(-3)?
8
Suppose -3357 - 2929 = 898*g. Let k(m) = -5 - 5*m + 0 - m**2 + 0. Give k(g).
-19
Let i(c) = 2*c**2 + 3*c**2 - c**3 + 200 - 4*c - 199. Suppose -16 = -2*p - 8. Give i(p).
1
Let d(s) = -s**2 + 2*s. Let n = -147 - -150. Suppose -3*g + n*y + 3 = -3, -8 = -4*g - 5*y. Give d(g).
0
Let c = -15 + 5. Let r(u) be the third derivative of u**6/120 + 3*u**5/20 - 3*u**4/8 + 11*u**3/6 + 1455*u**2. Calculate r(c).
1
Let q(l) = 13*l + 40. Let b(k) = 28*k + 82. Let z(u) = -6*b(u